[INFO] cloning repository https://github.com/veer66/chamkho-pg
[INFO] running `Command { std: "git" "-c" "credential.helper=" "-c" "credential.helper=/workspace/cargo-home/bin/git-credential-null" "clone" "--bare" "https://github.com/veer66/chamkho-pg" "/workspace/cache/git-repos/https%3A%2F%2Fgithub.com%2Fveer66%2Fchamkho-pg", kill_on_drop: false }`
[INFO] [stderr] Cloning into bare repository '/workspace/cache/git-repos/https%3A%2F%2Fgithub.com%2Fveer66%2Fchamkho-pg'...
[INFO] running `Command { std: "git" "rev-parse" "HEAD", kill_on_drop: false }`
[INFO] [stdout] 2e0476e5c799a2837c824690f98f081f61c8136e
[INFO] checking veer66/chamkho-pg against try#72f88fc4e9458f89516a0b8b0868f3718aec5b47 for pr-74989
[INFO] running `Command { std: "git" "clone" "/workspace/cache/git-repos/https%3A%2F%2Fgithub.com%2Fveer66%2Fchamkho-pg" "/workspace/builds/worker-0/source", kill_on_drop: false }`
[INFO] [stderr] Cloning into '/workspace/builds/worker-0/source'...
[INFO] [stderr] done.
[INFO] validating manifest of git repo https://github.com/veer66/chamkho-pg on toolchain 72f88fc4e9458f89516a0b8b0868f3718aec5b47
[INFO] running `Command { std: "/workspace/cargo-home/bin/cargo" "+72f88fc4e9458f89516a0b8b0868f3718aec5b47" "read-manifest" "--manifest-path" "Cargo.toml", kill_on_drop: false }`
[INFO] started tweaking git repo https://github.com/veer66/chamkho-pg
[INFO] finished tweaking git repo https://github.com/veer66/chamkho-pg
[INFO] tweaked toml for git repo https://github.com/veer66/chamkho-pg written to /workspace/builds/worker-0/source/Cargo.toml
[INFO] crate git repo https://github.com/veer66/chamkho-pg already has a lockfile, it will not be regenerated
[INFO] running `Command { std: "/workspace/cargo-home/bin/cargo" "+72f88fc4e9458f89516a0b8b0868f3718aec5b47" "fetch" "--locked" "--manifest-path" "Cargo.toml", kill_on_drop: false }`
[INFO] [stderr]     Updating git repository `https://github.com/veer66/pg-extend-rs`
[INFO] [stderr]  Downloading crates ...
[INFO] [stderr]   Downloaded bindgen v0.53.1
[INFO] [stderr]   Downloaded clang v0.23.0
[INFO] running `Command { std: "docker" "create" "-v" "/var/lib/crater-agent-workspace/builds/worker-0/target:/opt/rustwide/target:rw,Z" "-v" "/var/lib/crater-agent-workspace/builds/worker-0/source:/opt/rustwide/workdir:ro,Z" "-v" "/var/lib/crater-agent-workspace/cargo-home:/opt/rustwide/cargo-home:ro,Z" "-v" "/var/lib/crater-agent-workspace/rustup-home:/opt/rustwide/rustup-home:ro,Z" "-e" "SOURCE_DIR=/opt/rustwide/workdir" "-e" "CARGO_TARGET_DIR=/opt/rustwide/target" "-e" "CARGO_HOME=/opt/rustwide/cargo-home" "-e" "RUSTUP_HOME=/opt/rustwide/rustup-home" "-w" "/opt/rustwide/workdir" "-m" "1610612736" "--user" "0:0" "--network" "none" "rustops/crates-build-env@sha256:d92eaeed33fa75130ca1ee6c8a01d1ffb62bac859dfdfb3450e3e5d1c0146529" "/opt/rustwide/cargo-home/bin/cargo" "+72f88fc4e9458f89516a0b8b0868f3718aec5b47" "metadata" "--no-deps" "--format-version=1", kill_on_drop: false }`
[INFO] [stdout] 4c3c4ed0eda6b450efc49bb3ede87e3844d9a91ffa85dd9afcded608fc635a8c
[INFO] [stderr] WARNING: Your kernel does not support swap limit capabilities or the cgroup is not mounted. Memory limited without swap.
[INFO] running `Command { std: "docker" "start" "-a" "4c3c4ed0eda6b450efc49bb3ede87e3844d9a91ffa85dd9afcded608fc635a8c", kill_on_drop: false }`
[INFO] running `Command { std: "docker" "inspect" "4c3c4ed0eda6b450efc49bb3ede87e3844d9a91ffa85dd9afcded608fc635a8c", kill_on_drop: false }`
[INFO] running `Command { std: "docker" "rm" "-f" "4c3c4ed0eda6b450efc49bb3ede87e3844d9a91ffa85dd9afcded608fc635a8c", kill_on_drop: false }`
[INFO] [stdout] 4c3c4ed0eda6b450efc49bb3ede87e3844d9a91ffa85dd9afcded608fc635a8c
[INFO] running `Command { std: "docker" "create" "-v" "/var/lib/crater-agent-workspace/builds/worker-0/target:/opt/rustwide/target:rw,Z" "-v" "/var/lib/crater-agent-workspace/builds/worker-0/source:/opt/rustwide/workdir:ro,Z" "-v" "/var/lib/crater-agent-workspace/cargo-home:/opt/rustwide/cargo-home:ro,Z" "-v" "/var/lib/crater-agent-workspace/rustup-home:/opt/rustwide/rustup-home:ro,Z" "-e" "SOURCE_DIR=/opt/rustwide/workdir" "-e" "CARGO_TARGET_DIR=/opt/rustwide/target" "-e" "CARGO_INCREMENTAL=0" "-e" "RUST_BACKTRACE=full" "-e" "RUSTFLAGS=--cap-lints=forbid" "-e" "CARGO_HOME=/opt/rustwide/cargo-home" "-e" "RUSTUP_HOME=/opt/rustwide/rustup-home" "-w" "/opt/rustwide/workdir" "-m" "1610612736" "--user" "0:0" "--network" "none" "rustops/crates-build-env@sha256:d92eaeed33fa75130ca1ee6c8a01d1ffb62bac859dfdfb3450e3e5d1c0146529" "/opt/rustwide/cargo-home/bin/cargo" "+72f88fc4e9458f89516a0b8b0868f3718aec5b47" "check" "--frozen" "--all" "--all-targets" "--message-format=json", kill_on_drop: false }`
[INFO] [stdout] 33c341be6ca15ac3c6d93b4556b132e450dcaa561b7dbd0c74f5446e7d7a7bee
[INFO] [stderr] WARNING: Your kernel does not support swap limit capabilities or the cgroup is not mounted. Memory limited without swap.
[INFO] running `Command { std: "docker" "start" "-a" "33c341be6ca15ac3c6d93b4556b132e450dcaa561b7dbd0c74f5446e7d7a7bee", kill_on_drop: false }`
[INFO] [stderr]    Compiling memchr v2.3.3
[INFO] [stderr]    Compiling proc-macro2 v1.0.18
[INFO] [stderr]    Compiling unicode-xid v0.2.0
[INFO] [stderr]    Compiling cc v1.0.54
[INFO] [stderr]    Compiling glob v0.3.0
[INFO] [stderr]    Compiling bitflags v1.2.1
[INFO] [stderr]    Compiling log v0.4.8
[INFO] [stderr]    Compiling lazy_static v1.4.0
[INFO] [stderr]    Compiling quick-error v1.2.3
[INFO] [stderr]    Compiling cfg-if v0.1.10
[INFO] [stderr]    Compiling unicode-width v0.1.7
[INFO] [stderr]    Compiling regex-syntax v0.6.18
[INFO] [stderr]    Compiling syn v1.0.30
[INFO] [stderr]    Compiling strsim v0.8.0
[INFO] [stderr]    Compiling termcolor v1.1.0
[INFO] [stderr]    Compiling bindgen v0.53.1
[INFO] [stderr]    Compiling ansi_term v0.11.0
[INFO] [stderr]    Compiling vec_map v0.8.2
[INFO] [stderr]    Compiling shlex v0.1.1
[INFO] [stderr]    Compiling peeking_take_while v0.1.2
[INFO] [stderr]    Compiling rustc-hash v1.1.0
[INFO] [stderr]    Compiling lazycell v1.2.1
[INFO] [stderr]    Compiling serde v1.0.111
[INFO] [stderr]     Checking prefixtree v0.1.3
[INFO] [stderr]    Compiling nom v4.2.3
[INFO] [stderr]    Compiling thread_local v1.0.1
[INFO] [stderr]    Compiling textwrap v0.11.0
[INFO] [stderr]    Compiling humantime v1.3.0
[INFO] [stderr]    Compiling libc v0.2.71
[INFO] [stderr]     Checking aho-corasick v0.7.10
[INFO] [stderr]    Compiling clang-sys v0.28.1
[INFO] [stderr]    Compiling libloading v0.5.2
[INFO] [stderr]    Compiling atty v0.2.14
[INFO] [stderr]    Compiling which v3.1.1
[INFO] [stderr]    Compiling quote v1.0.7
[INFO] [stderr]    Compiling clap v2.33.1
[INFO] [stderr]    Compiling cexpr v0.3.6
[INFO] [stderr]    Compiling regex v1.3.9
[INFO] [stderr]    Compiling clang v0.23.0
[INFO] [stderr]    Compiling env_logger v0.7.1
[INFO] [stderr]    Compiling serde_derive v1.0.111
[INFO] [stderr]    Compiling pg-extern-attr v0.2.2 (https://github.com/veer66/pg-extend-rs#a8d637ca)
[INFO] [stderr]    Compiling pg-extend v0.2.1 (https://github.com/veer66/pg-extend-rs#a8d637ca)
[INFO] [stderr] error: failed to run custom build command for `pg-extend v0.2.1 (https://github.com/veer66/pg-extend-rs#a8d637ca)`
[INFO] [stderr] 
[INFO] [stderr] Caused by:
[INFO] [stderr]   process didn't exit successfully: `/opt/rustwide/target/debug/build/pg-extend-fa6a701a91d5c2ac/build-script-build` (exit code: 101)
[INFO] [stderr]   --- stdout
[INFO] [stderr]   cargo:rerun-if-changed=wrapper.h
[INFO] [stderr]   cargo:rerun-if-changed=pg_majorversion.h
[INFO] [stderr] 
[INFO] [stderr]   --- stderr
[INFO] [stderr]   wrapper.h:9:10: fatal error: 'postgres.h' file not found
[INFO] [stderr]   wrapper.h:9:10: fatal error: 'postgres.h' file not found, err: true
[INFO] [stderr]   thread 'main' panicked at 'Unable to generate bindings: ()', /opt/rustwide/cargo-home/git/checkouts/pg-extend-rs-9507b9aee06e5eb6/a8d637c/pg-extend/build.rs:56:10
[INFO] [stderr]   stack backtrace:
[INFO] [stderr]      0:     0x55ba9016dd50 - std::backtrace_rs::backtrace::libunwind::trace::h452faf99f32e7c93
[INFO] [stderr]                                  at /rustc/72f88fc4e9458f89516a0b8b0868f3718aec5b47/library/std/src/../../backtrace/src/backtrace/libunwind.rs:96
[INFO] [stderr]      1:     0x55ba9016dd50 - std::backtrace_rs::backtrace::trace_unsynchronized::he40edc71437667a1
[INFO] [stderr]                                  at /rustc/72f88fc4e9458f89516a0b8b0868f3718aec5b47/library/std/src/../../backtrace/src/backtrace/mod.rs:66
[INFO] [stderr]      2:     0x55ba9016dd50 - std::sys_common::backtrace::_print_fmt::h6c51d6ade71f46bf
[INFO] [stderr]                                  at /rustc/72f88fc4e9458f89516a0b8b0868f3718aec5b47/library/std/src/sys_common/backtrace.rs:79
[INFO] [stderr]      3:     0x55ba9016dd50 - <std::sys_common::backtrace::_print::DisplayBacktrace as core::fmt::Display>::fmt::h3cd15d7003dec37a
[INFO] [stderr]                                  at /rustc/72f88fc4e9458f89516a0b8b0868f3718aec5b47/library/std/src/sys_common/backtrace.rs:58
[INFO] [stderr]      4:     0x55ba9019304c - core::fmt::write::h1857a60b204f1b6a
[INFO] [stderr]                                  at /rustc/72f88fc4e9458f89516a0b8b0868f3718aec5b47/library/core/src/fmt/mod.rs:1080
[INFO] [stderr]      5:     0x55ba9016a8a7 - std::io::Write::write_fmt::hac61caff894c35ae
[INFO] [stderr]                                  at /rustc/72f88fc4e9458f89516a0b8b0868f3718aec5b47/library/std/src/io/mod.rs:1517
[INFO] [stderr]      6:     0x55ba901702e0 - std::sys_common::backtrace::_print::haa2f390fb7957e3e
[INFO] [stderr]                                  at /rustc/72f88fc4e9458f89516a0b8b0868f3718aec5b47/library/std/src/sys_common/backtrace.rs:61
[INFO] [stderr]      7:     0x55ba901702e0 - std::sys_common::backtrace::print::h48c7cbbad9013bb1
[INFO] [stderr]                                  at /rustc/72f88fc4e9458f89516a0b8b0868f3718aec5b47/library/std/src/sys_common/backtrace.rs:48
[INFO] [stderr]      8:     0x55ba901702e0 - std::panicking::default_hook::{{closure}}::h8b7ff05a31e71d55
[INFO] [stderr]                                  at /rustc/72f88fc4e9458f89516a0b8b0868f3718aec5b47/library/std/src/panicking.rs:208
[INFO] [stderr]      9:     0x55ba9017002c - std::panicking::default_hook::h2f00c78800d98e4c
[INFO] [stderr]                                  at /rustc/72f88fc4e9458f89516a0b8b0868f3718aec5b47/library/std/src/panicking.rs:227
[INFO] [stderr]     10:     0x55ba90170943 - std::panicking::rust_panic_with_hook::h4eaa635e4694aef3
[INFO] [stderr]                                  at /rustc/72f88fc4e9458f89516a0b8b0868f3718aec5b47/library/std/src/panicking.rs:577
[INFO] [stderr]     11:     0x55ba90170519 - std::panicking::begin_panic_handler::{{closure}}::hec242f1b136b5ff2
[INFO] [stderr]                                  at /rustc/72f88fc4e9458f89516a0b8b0868f3718aec5b47/library/std/src/panicking.rs:484
[INFO] [stderr]     12:     0x55ba9016e1bc - std::sys_common::backtrace::__rust_end_short_backtrace::h1f3cc383ee6c0374
[INFO] [stderr]                                  at /rustc/72f88fc4e9458f89516a0b8b0868f3718aec5b47/library/std/src/sys_common/backtrace.rs:153
[INFO] [stderr]     13:     0x55ba901704d9 - rust_begin_unwind
[INFO] [stderr]                                  at /rustc/72f88fc4e9458f89516a0b8b0868f3718aec5b47/library/std/src/panicking.rs:483
[INFO] [stderr]     14:     0x55ba90191651 - core::panicking::panic_fmt::hb15d6f55e8472f62
[INFO] [stderr]                                  at /rustc/72f88fc4e9458f89516a0b8b0868f3718aec5b47/library/core/src/panicking.rs:85
[INFO] [stderr]     15:     0x55ba90191473 - core::option::expect_none_failed::he492a18657d97593
[INFO] [stderr]                                  at /rustc/72f88fc4e9458f89516a0b8b0868f3718aec5b47/library/core/src/option.rs:1221
[INFO] [stderr]     16:     0x55ba8fbc7389 - core::result::Result<T,E>::expect::h336f0a53706128e5
[INFO] [stderr]                                  at /rustc/72f88fc4e9458f89516a0b8b0868f3718aec5b47/library/core/src/result.rs:933
[INFO] [stderr]     17:     0x55ba8fbc001f - build_script_build::main::h98e0e4d6f2edb857
[INFO] [stderr]                                  at /opt/rustwide/cargo-home/git/checkouts/pg-extend-rs-9507b9aee06e5eb6/a8d637c/pg-extend/build.rs:53
[INFO] [stderr]     18:     0x55ba8fbc6c8b - core::ops::function::FnOnce::call_once::h12faabcbfab934c7
[INFO] [stderr]                                  at /rustc/72f88fc4e9458f89516a0b8b0868f3718aec5b47/library/core/src/ops/function.rs:227
[INFO] [stderr]     19:     0x55ba8fbc2d9e - std::sys_common::backtrace::__rust_begin_short_backtrace::h7c216fe3b5f63a64
[INFO] [stderr]                                  at /rustc/72f88fc4e9458f89516a0b8b0868f3718aec5b47/library/std/src/sys_common/backtrace.rs:137
[INFO] [stderr]     20:     0x55ba8fbc6aa1 - std::rt::lang_start::{{closure}}::h5bd8e2906fbf8954
[INFO] [stderr]                                  at /rustc/72f88fc4e9458f89516a0b8b0868f3718aec5b47/library/std/src/rt.rs:66
[INFO] [stderr]     21:     0x55ba90170e11 - core::ops::function::impls::<impl core::ops::function::FnOnce<A> for &F>::call_once::hecc21eb9018cc197
[INFO] [stderr]                                  at /rustc/72f88fc4e9458f89516a0b8b0868f3718aec5b47/library/core/src/ops/function.rs:259
[INFO] [stderr]     22:     0x55ba90170e11 - std::panicking::try::do_call::h174ad655d084b5c7
[INFO] [stderr]                                  at /rustc/72f88fc4e9458f89516a0b8b0868f3718aec5b47/library/std/src/panicking.rs:381
[INFO] [stderr]     23:     0x55ba90170e11 - std::panicking::try::h479e6054ce28de10
[INFO] [stderr]                                  at /rustc/72f88fc4e9458f89516a0b8b0868f3718aec5b47/library/std/src/panicking.rs:345
[INFO] [stderr]     24:     0x55ba90170e11 - std::panic::catch_unwind::hb558ddea2b3e9c45
[INFO] [stderr]                                  at /rustc/72f88fc4e9458f89516a0b8b0868f3718aec5b47/library/std/src/panic.rs:382
[INFO] [stderr]     25:     0x55ba90170e11 - std::rt::lang_start_internal::h163149047f0a8b61
[INFO] [stderr]                                  at /rustc/72f88fc4e9458f89516a0b8b0868f3718aec5b47/library/std/src/rt.rs:51
[INFO] [stderr]     26:     0x55ba8fbc6a77 - std::rt::lang_start::h576ea1835418b26a
[INFO] [stderr]                                  at /rustc/72f88fc4e9458f89516a0b8b0868f3718aec5b47/library/std/src/rt.rs:65
[INFO] [stderr]     27:     0x55ba8fbc14ca - main
[INFO] [stderr]     28:     0x7fb5ab9a70b3 - __libc_start_main
[INFO] [stderr]     29:     0x55ba8fbbe0ce - _start
[INFO] [stderr]     30:                0x0 - <unknown>
[INFO] [stderr] warning: build failed, waiting for other jobs to finish...
[INFO] [stderr] error: build failed
[INFO] running `Command { std: "docker" "inspect" "33c341be6ca15ac3c6d93b4556b132e450dcaa561b7dbd0c74f5446e7d7a7bee", kill_on_drop: false }`
[INFO] running `Command { std: "docker" "rm" "-f" "33c341be6ca15ac3c6d93b4556b132e450dcaa561b7dbd0c74f5446e7d7a7bee", kill_on_drop: false }`
[INFO] [stdout] 33c341be6ca15ac3c6d93b4556b132e450dcaa561b7dbd0c74f5446e7d7a7bee
